p(q) + 6*u(q). What is t(0)?
-20
Suppose -14 = 3*u - 23. Suppose -4*v + 2*v = -5*y + 41, u*y - 24 = v. Let o(j) = -2*j + 9. Give o(y).
-5
Let f(h) = -h**2 + 17*h - 12. Let g(c) = -2*c**2 - 32*c - 80. Let n be g(-12). Calculate f(n).
4
Let r = -8 - -14. Suppose r*d = 2*d. Let k(x) = -3*x + 4. Let c(a) = 2*a - 4. Let p(m) = 4*c(m) + 3*k(m). Calculate p(d).
-4
Let h = 62 + -61. Let v(x) = 6*x**3 - 3*x**2 - 2*x + 3. Let k be v(h). Let z(p) = -3*p. Calculate z(k).
-12
Let o(r) = 8*r**2 - 1. Suppose 2*k + 5*j = 3, -3*k = 3*j + 5 - 14. Suppose 2*i = -4*g + 10, k*i - 5*i - 13 = -4*g. Calculate o(i).
7
Suppose 5*j = 9*j. Suppose 5*w + 2*z - 18 = 0, 0*z + 5*z - 10 = 5*w. Let q(t) = -t - t**2 - 2*t**2 + 0*t**w - 9 + 2*t**2. What is q(j)?
-9
Let l(u) = -3*u**2 - 4*u - 10 + 7*u**2 - 3*u**2 + 9 - 2*u**2. Suppose 0 = 6*s - s + 15. Calculate l(s).
2
Let r(y) = -y + 121 - 77 - 61. Determine r(-16).
-1
Let l(w) = -w + 5 - 1 - 19. Let s = 5 - 0. Let j be 0/(s/5 + -2). Determine l(j).
-15
Suppose -c = -4*w + 15, 4*w + c - 18 = -c. Let r(d) = 2*d - 2*d + 3*d. Calculate r(w).
12
Let s(o) = -2 - 1 - 2*o + 0 + o. Suppose 2*g + 3*g - 50 = 0. Suppose -5*a = -7*a - g. What is s(a)?
2
Let f(q) = q**2 + q - 2. Let d be f(-2). Suppose o + d - 2 = 0. Let t(s) = s**2 - 4*s - 1 - 2 + o + 6. Determine t(4).
5
Let o be 4/(-10) + 72/30. Let k(x) = 9*x**o - 51*x + 2*x**3 - x**3 + 61*x + 11. Let d be k(-8). Let z(q) = q**2 + 6*q - 2. Determine z(d).
-7
Let k(y) = y**2 - 2*y - 4. Let d(g) = g**2 - g - 5. Let p(q) = 4*d(q) - 5*k(q). What is p(6)?
0
Let z be 0 + -1 - 130/(-15)*-3. Let n = z + 30. Let x(q) = -q**2 + 5*q - 3. Give x(n).
3
Let v be (-320)/(-60) - ((-9)/3)/(-9). Let k(u) = -u**3 + 5*u**2 + 2*u - 3. Give k(v).
7
Let o be (-1)/2 - 3/6. Let g be (((-72)/(-4))/o)/(-2). Let r = -8 + g. Let l(s) = -5*s**2. Give l(r).
-5
Let d(v) = v**2 + 3*v - 8. Let j be 77/(-14) - (-1)/2. Let t be d(j). Let x(i) = -3 + 5*i + 1 - 3*i. Give x(t).
2
Let u(p) = p**3 - 12*p**2 - 5*p + 7. Let z(q) = -q**3 + 12*q**2 + 3*q - 7. Let g(c) = 5*u(c) + 4*z(c). Calculate g(13).
7
Let c = -42 + 25. Let l = 18 + c. Let m(s) = -6*s - 1 + s - l - s**2. What is m(-5)?
-2
Let q = 73 - 69. Let d be (4/(-1) + 1)*-1. Let o(b) = 6*b**2 - b**3 + d*b - b**2 + 1 - 2*b**2. What is o(q)?
-3
Let b(k) be the second derivative of -k**5/20 + 5*k**4/12 - 5*k**3/6 - 3*k**2/2 - 42*k. Determine b(3).
0
Let x be (-51)/12 + (-12)/16. Let s(d) = 6*d. Let t(g) = -11*g - 1. Let p(l) = x*s(l) - 3*t(l). Suppose -f + 1 = b, 0 = 4*f - 0 - 12. Give p(b).
-3
Let y(v) = -11*v**3 + 51*v**2 + 8*v - 18. Let f(u) = -4*u**3 + 17*u**2 + 3*u - 7. Let t(i) = 8*f(i) - 3*y(i). Determine t(17).
-2
Let i(c) = c**2 + c**3 + 151*c - 151*c + 8. Let q = -12 - -23. Let p = q - 11. Give i(p).
8
Let p(q) be the second derivative of q**8/6720 - q**7/630 + q**6/240 + q**5/60 - 5*q**4/4 + 9*q. Let a(y) be the third derivative of p(y). Calculate a(3).
2
Let j be 1/((-1)/(-1))*0/11. Suppose -2*n - 6 + 0 = j. Let u(w) = 5*w**2 + 7*w + 2. Let b(o) = o**2 + o. Let a(i) = -4*b(i) + u(i). Determine a(n).
2
Let t(n) = 5 + n**2 - 2 - 8 - 2*n**2 + 3 + 10*n. What is t(10)?
-2
Let a be (2 - 7)*1 - 1. Let m(y) = -1 - 11*y + y**3 + 11*y - 2*y**2 + 3*y**2. Let k(d) = -4*d**3 + 7*d**2 + d - 6. Let w(j) = a*m(j) + k(j). Give w(-1).
10
Let a = 60 + -60. Let f(b) = 21*b**2 + 2*b + b - 6 + a*b - 22*b**2. Give f(4).
-10
Let z(p) = -6*p**2 - 3. Let d(j) = 2*j**2 + 1. Let l(s) = 7*d(s) + 2*z(s). Let x be l(0). Let w(c) = 6*c**3 + 2*c - 1. What is w(x)?
7
Let z(w) = -w**2 - 6*w. Let x be z(-6). Let u(m) be the third derivative of -5 + 3/2*m**3 - 3*m**2 + 0*m - 1/60*m**5 + 1/24*m**4. Calculate u(x).
9
Let j(l) = -142*l**2 + 66*l**2 + 11 + 75*l**2. What is j(3)?
2
Let u(o) be the third derivative of -o**6/120 + o**5/15 - o**4/8 + 2*o**3/3 + 200*o**2. Give u(3).
4
Let m be (-6)/8 - 3/12. Let a(t) = 18*t - 4*t - 19*t - 1. Calculate a(m).
4
Let h(d) = -1 + 39*d + 21*d - 57*d. Calculate h(-1).
-4
Let z(r) = r**3 - 7*r**2 - r + 3. Let b be -4*-2*(-6 - -3)/(-6). Suppose -14 = -b*l + 2*l. What is z(l)?
-4
Let p be (-50)/13 + 2/(-13). Let w be 7/((-21)/(-6)) - 0. Let x(m) = 0 - m**w - 2*m**2 - m**3 + 7*m + 6. Calculate x(p).
-6
Let p be 1/((3/4)/3). Suppose -5*q - p = -4*i, 14 = 2*i + q - 2. Let v(b) = b**3 - 5*b**2 - 8*b + 8. Determine v(i).
-4
Let u(o) be the first derivative of -o**3/3 - 6*o**2 - 11*o - 1. Let j be u(-10). Let b(g) = j*g + 7*g - 15*g + 2*g**2. Determine b(-2).
6
Let d = -44 - -46. Suppose -2*n - d = 5*b, -3*n - 20 = -0*b - b. Let p(r) = 2*r + 7. What is p(n)?
-5
Suppose -4*x + 1 = 4*a - 3*x, -x + 1 = -2*a. Let p(d) = -d**3 - d**2 - 13. Determine p(a).
-13
Let r(g) = g**3 + 11*g**2 - 2*g - 22. Let i be r(-11). Let a(z) = z - 18. What is a(i)?
-18
Let y be 2/(-8) + (-1)/(-4). Let c(l) = -2*l. Let r(i) = -i + 1. Let u(x) = -c(x) + r(x). Let q(s) = -5*s + 4. Let d(n) = q(n) + 4*u(n). Give d(y).
8
Let l(d) = -3*d**2 + 625*d - 627*d + 2 + 2*d**2. Suppose -5*g + 10 = -0*g. What is l(g)?
-6
Let q(p) = -13*p - 109 + 62 - p + 52. Give q(2).
-23
Let b be 16/10*(-20)/(-8). Let g(y) = -19 + 3*y + 15 - b*y**2 + 3*y**2. Suppose -16 = -4*u - 0*u. Give g(u).
-8
Let y(s) = -s - 5. Suppose -4*d = b + 22, 16 = -2*b - 5*d - 13. Let w be 0/((-4)/2*(b + 1)). Determine y(w).
-5
Let l(g) = -10*g. Suppose -35 = 8*d - 3. Let m be (-36)/(-20) + d/(-40)*2. Give l(m).
-20
Let n(a) = a**3 - 2*a**2 - 3. Let g(b) = 2*b**3 + b. Let u be (-1)/(-2)*-2 - -2. Let z be g(u). Calculate n(z).
6
Let f be 34/8*16/4. Suppose f = 4*r + g, -6 = r - 4*g + 11. Let b(x) = x**3 - 6*x**2 - 2*x + 4. Give b(r).
-29
Let u(k) = -2*k**3 - 2*k - 1. Let a be u(-1). Let p be (-7)/3 + 3 + (-11)/a. Let f(j) = 3 + j + 0*j + 2*j. What is f(p)?
-6
Let o(v) = -11*v**2 + 38*v + 187. Let z(f) = -7*f**2 + 26*f + 125. Let g(w) = -5*o(w) + 8*z(w). Give g(21).
2
Let r(f) be the first derivative of f**4/12 - f**3/3 + 2*f**2 - 21*f + 4. Let l(a) be the first derivative of r(a). What is l(3)?
7
Let s(b) = -21*b**2 - 97 + 19*b + b**3 - 106 + 210. Calculate s(20).
-13
Let c(r) = 13*r**3 - 5*r**2 - 7*r - 5. Let v(n) = 7*n**3 - 3*n**2 - 4*n - 3. Let g be (-23)/(-5) - (-20)/50. Let o(u) = g*v(u) - 3*c(u). Give o(-1).
3
Let u be ((-25)/(-20))/(3/12). Let x(q) = -u*q - 2 + 1 + q**2 + 0*q - 3. What is x(6)?
2
Let d(j) = -2 - j**3 + 5*j**2 + 3*j + 2 - 4. Suppose 0 = -5*p - 747 + 772. What is d(p)?
11
Let f(d) = d**3 + 5*d**2 - 5*d + 6. Let m be (-3)/3*1*-4. Let i be ((-2)/m)/(10/120). Let y be f(i). Let q(p) = p + 7. Determine q(y).
7
Suppose 0 = -5*j + 45 + 20. Let l(c) = c**2 - 12*c - 14. Determine l(j).
-1
Let r(f) = -2*f**2 + f - 4. Let a(z) = -3*z**2 + z - 6. Let y(b) = -5*a(b) + 8*r(b). Let n(g) = -13*g - 24. Let x be n(-2). What is y(x)?
0
Let j(q) be the third derivative of -1/3*q**3 - 1/60*q**5 + 0*q**4 + 0 + 0*q + 2*q**2. What is j(0)?
-2
Let z be 2/(-4) - (-15)/6. Let u(s) = 1 - s + z - 4. Suppose 4*h = 4*m, 4*h + 3*m + 10 = 2*m. What is u(h)?
1
Let a(s) = -2*s + 1. Let n(q) = q**2 - 12*q - 8. Let p(z) = -14*z - 1. Let u be p(-1). Let x be n(u). Suppose -1 + x = v. Determine a(v).
-7
Let q(s) be the second derivative of -s**6/720 - s**5/20 - 4*s**4/3 + 36*s. Let g(x) be the third derivative of q(x). What is g(-5)?
-1
Let n(y) = 9*y**2 - 10*y. Let p(h) = -5*h**2 + 5*h. Let i(m) = 6*n(m) + 11*p(m). Calculate i(-6).
-6
Suppose 0*o - 2 = -4*t - o, 3*t = -5*o + 10. Suppose 5*u - u = t. Let v(r) = r + 10. Determine v(u).
10
Let a(z) = 19*z**2 - 1 - 21*z**2 - z - 3*z + 2*z. What is a(-1)?
-1
Let w(f) = -f**2 + 13*f - 9. Let g = 1062 - 1052. Give w(g).
21
Suppose z = -2*z + 6. Let v be ((z*6)/4)/1. Suppose v*f - 6 = -3. Let k(h) = -6*h**3 - 2*h**2 + 2*h - 1. Give k(f).
-7
Let t(z) = -z**3 + 5*z**2 + 3*z + 2. Suppose 2*n + a - 8 = -0*n, -a = 3*n - 11. Suppose 8 = 4*c, -g + n*g + c - 14 = 0. Determine t(g).
-16
Let w(y) = 13*y - 51. Let b(q) = -11*q + 42. Let n(s) = -7*b(s) - 6*w(s). Determine n(12).
0
Let p(l) = -5*l - 20 + 224*l**2 - 111*l**2 + 4*l - 114*l**2 + 1 - l**3. Give p(0).
-19
Let b be 2*(-2)/2 - (11 - 0). Let p(w) = -w - 15. Give p(b).
-2
Let w(d) = -d + 6. Suppose -n = -6 - 5. Let a(l) = 5*l - 31. Let y(m) = n*w(m) + 2*a(m). Suppose 1372*z + 72 = 1354*z. What is y(z)?
8
Let i be 12*(-4)/(-1 - 7). Let z(j) = j**2 - 6*j + 5. What is z(i)?
